its digit of z?
3
Let l(t) = 1961*t - 507. What is the thousands digit of l(3)?
5
Suppose 7*o = 5*o + 90. Suppose -o*g = -46*g + 462. Suppose 0 = 2*v - 3*n + 7*n - g, 2*v + 5*n = 461. What is the units digit of v?
3
Suppose 65*g = 51*g + 76230. What is the hundreds digit of g?
4
Let b be 20/5 + 445/1. Suppose 5*c + b + 841 = 0. What is the tens digit of (1/(-1))/(6/c)?
4
Let l(n) = 13*n + 72. Let w = -110 + 83. Let g be l(w). Let o = 481 + g. What is the units digit of o?
2
Let m be (-4)/(-10) + (-589696)/(-160). Suppose 3*y = 3*s - 2226, 7*s + y - m = 2*s. What is the hundreds digit of s?
7
Suppose -2*n + 1014 = 140. Let f = n - 119. What is the hundreds digit of f?
3
Let a(s) = 16*s**3 + s**2 - 3*s + 3. Let b be a(1). Suppose -13*h + b*h - 1264 = 0. Suppose 0 = -2*z - 10, -2*z + 3*z = -3*o + h. What is the units digit of o?
7
Let s = 20 + 22. What is the hundreds digit of 53*15*s/70?
4
Let d(g) = 90*g - 1769. What is the units digit of d(48)?
1
Let u(j) = j**3 + 11*j**2 + j + 9. Suppose 59 = -4*t - 5*g, 0 = -3*t + 2*g - 11 - 16. Let s be u(t). What is the hundreds digit of s/5 - (5 - 1054/10)?
1
Suppose b + 5*s + 8 = 0, 4*b - 2*s + 120 = -0*b. Let h = b + 12. What is the tens digit of -4*18/h*10/3?
1
Let q(a) = -a**3 - 2*a**2 - 2*a - 2. Let r be q(-2). Suppose -83 = -r*m + 21. What is the units digit of m/2 - (1 - 2)?
7
Suppose c + 20 = -3*c, 4*c = 3*n - 107. Suppose -n*j + 19532 = -3030. What is the units digit of j?
8
Let a = -940 + 1788. Suppose -4*m - 2*r + 2174 = a, -4*r - 1320 = -4*m. What is the hundreds digit of m?
3
Suppose 11472 = -9*d + 41622. What is the units digit of d?
0
Let r(a) = -a - 2. Let d be r(-7). What is the hundreds digit of ((-37)/d)/((-9)/315)?
2
Let x = -19185 + 21915. What is the units digit of x?
0
Let b(q) = 2*q**2 + 16*q + 16. Let r be b(-7). Suppose 0 = -d - 3*m - 7, m = -2*d + r - 1. Let w(h) = 39*h - 2. What is the units digit of w(d)?
6
Suppose -156*i - 1197112 = -2995636. What is the units digit of i?
9
Let u(p) = -51*p**3 - 4*p**2 - 8*p - 2. Let t(x) = x**2 - 10*x - 59. Let h be t(14). What is the thousands digit of u(h)?
1
Suppose 42075 = 3*c - t, 5*c - 25*t + 26*t = 70125. What is the hundreds digit of c?
0
Let f = -124 + 267. Suppose 3459*v + 122 = 3461*v. Let d = f - v. What is the units digit of d?
2
Let m(l) = l**2 - l - 335. Let n be m(0). Let c be (n/(-30))/((-2)/(-12)). Let q = c + -32. What is the tens digit of q?
3
Let y(k) = -k**3 + k**2 - k + 417. Let m be y(0). Suppose -6*t = m + 141. Let h = 206 + t. What is the hundreds digit of h?
1
Let v(t) = -21*t**3 - 20*t**2 - 9. Let h(z) = 22*z**3 + 17*z**2 + z + 8. Let f(x) = -5*h(x) - 4*v(x). What is the units digit of f(-3)?
8
Let w be (-1)/1*(3 - 3). Suppose 2*b + 2*c = w, -5*b = -0*b + 2*c - 9. What is the hundreds digit of b/((-15)/(-10)) + 203?
2
Suppose -5*d + 1038 = -1237. What is the thousands digit of (3*-1)/((-6371)/d - -14)?
1
Suppose 39*s = -120 + 2772. What is the tens digit of -6*((-51)/s + (-1526)/24)?
8
Let h(t) = -3339*t - 4 + 84 + 3353*t. What is the tens digit of h(28)?
7
Suppose -16*a = 15*a - 112468. What is the units digit of a?
8
Let v(a) = 44*a**2 - 8*a - 34. Let m be v(-3). What is the hundreds digit of m - 14/(-7)*-4?
3
Let y(j) = j**3 + 5*j**2 + 6*j - 21. Let p be y(-7). Let f = p - -97. Let u = f + 127. What is the tens digit of u?
6
Suppose 97*u + 680400 = 112*u. What is the tens digit of u?
6
What is the tens digit of (-8160)/(-425)*(-30)/(-4)?
4
Suppose 4*z = 2*f - 8, -7*z = -6*z + 1. Suppose 0 = -f*a - 28 + 12. What is the units digit of (-7 - a) + 1*101?
2
Let t = 1134 - 247. Suppose -2*g - 5*i = t, -5*g + 5*i - 623 = 1647. Let m = -236 - g. What is the units digit of m?
5
What is the units digit of 21*(-1)/(-3) + 2 + -2 + 33632?
9
Let j(x) = 1 + 9 + 13*x**2 - 12*x**2 + 30*x**2 + x. What is the hundreds digit of j(-5)?
7
Suppose -18*t + 2*t + 524624 = 0. Suppose -21*i + 34 = -t. What is the thousands digit of i?
1
Let f(d) = -476*d - 910. What is the tens digit of f(-11)?
2
Suppose 0 = 5*s + 5*b - 1300, 44*s - 1064 = 40*s + 4*b. What is the tens digit of s?
6
Suppose 2 = 5*h - 188. Let m(k) = -4 + 3*k + 1 - k - h*k. What is the units digit of m(-2)?
9
Let u = 37558 - 19919. What is the units digit of u?
9
Suppose 3*l + 1 = -2*o, 4*o + 34 - 5 = 3*l. Suppose -6*h + f = -3*h - 2574, -4*h + 3432 = -l*f. What is the tens digit of h?
5
Let m = -510 + 5337. What is the hundreds digit of m?
8
Let z be (2506/(-2))/1 - (3 - 1). Let m = z - -2243. What is the units digit of m?
8
Suppose a - 26792 = 3*f, 10*a - 5*f + 26792 = 11*a. What is the ten thousands digit of a?
2
Let y(d) = 13*d**3 + d**2 + 30*d - 89. What is the ten thousands digit of y(11)?
1
Let v be 5/1 + 1/1. Suppose y + u = -v, 4*u = 3*y + u + 18. What is the units digit of ((6 - 33)/(-3))/((-1)/y)?
4
Let d be (-3)/(-8)*5*48/30. Suppose -32*u + 28*u = -5*h + 3306, 1327 = 2*h + d*u. What is the hundreds digit of h?
6
Let o(b) be the second derivative of 11*b**4/12 - b**2/2 + 13*b. Let z be o(-1). What is the units digit of ((-534)/15)/(z/(-25))?
9
Suppose j - 39 = -2*f, 0 = -2*f + 2*j + 3 + 45. Let g(d) = 20*d - 23. What is the hundreds digit of g(f)?
3
Suppose 26*i = -18*i + 7930 + 58290. What is the hundreds digit of i?
5
Let f(q) = -1296*q**3 + 13*q + 36. Let k be f(-3). Suppose 19*t + 8921 = k. What is the tens digit of t?
7
Let t(r) be the first derivative of 2 + 3*r + 0*r**2 + 5/3*r**3. What is the tens digit of t(-3)?
4
Suppose -384 = 3*p + 93. Suppose 0 = 2*h - 767 + 283. Let o = p + h. What is the tens digit of o?
8
Suppose 0 = 4*v + 3*f + 7, -5*v + 2*f + 12 = -8. Suppose 0 = v*g - 281 + 53. Let o = 174 - g. What is the units digit of o?
0
Suppose 3*r = 232 + 1013. Suppose 335 + r = i. What is the tens digit of i?
5
Let n(z) = z**3 - 5*z**2 - 10*z + 7. Let w be n(7). Suppose 2*g - w = -15. What is the hundreds digit of g/(-2)*(-680)/25?
1
Let x(f) = 117*f**2 - 267*f - 17. What is the units digit of x(-8)?
7
Suppose 6*h = 5074 + 1214. Let r = h - 459. What is the hundreds digit of r?
5
Let m(f) = 31*f - 1. Let j be m(6). Let z = -380 - -380. Suppose -3*g = -z*l - l - j, 2*l - 301 = -5*g. What is the tens digit of g?
6
Suppose 2 = 2*f + 4. Let w be (0*4/(-16))/f. Suppose w = -9*h + 683 + 343. What is the units digit of h?
4
Suppose -18*r = -22*r + 349076. Suppose 74*l - r = 25*l. What is the tens digit of l?
8
Let v(h) = h**3 + 4*h**2 + 8*h + 7621. What is the tens digit of v(0)?
2
Let i be (-4 + 6 - 1)*4. Suppose i*c + 773 + 121 = 3*x, 0 = 3*c + 9. What is the tens digit of x?
9
Suppose -3101858 = -119*n - 48*n. What is the thousands digit of n?
8
Suppose -415332 = -8*r - 5*r - 23*r. What is the units digit of r?
7
Let v = 206 + -223. Let m = 855 - v. What is the tens digit of m?
7
Suppose 4*o - 371410 = a - 7779, -3*o - 2*a + 272748 = 0. What is the tens digit of o?
1
What is the thousands digit of (-92)/(-16)*-3*(-131)/3*20?
5
What is the units digit of (159480/160)/(((-15)/20)/(-3))?
7
Suppose 22*u + 15 = 81. Let c be (-4)/(-2)*(-1662)/(-12). Suppose -u*z + 2*x - 7*x + 281 = 0, 3*z = -x + c. What is the tens digit of z?
9
Let l(r) = 137*r**2 + 81*r - 217. What is the tens digit of l(-9)?
5
Let m(t) = -7*t**3 - 2*t**2 + 226*t + 5. What is the hundreds digit of m(-18)?
1
What is the tens digit of 195/52*211280/30?
1
Let h(y) = 2*y**2 + 49*y + 29. Let b be h(-24). Suppose -2169 = -3*s - 5*j, 0 = -2*s + 6*s - b*j - 2857. What is the hundreds digit of s?
7
What is the thousands digit of 6979 + 2 - (6 - (-36)/(-9))?
6
Let p(v) = 1176*v**2 + 442*v + 2693. What is the thousands digit of p(-6)?
2
Suppose 72*g - 656829 - 429219 = -90*g. What is the tens digit of g?
0
Let z be ((-25)/(-2) - 10) + 20423/2. Suppose 300 = 7*g - z. What is the thousands digit of g?
1
Let g = 85 + -93. Let b(x) = -2*x**2 - x**3 - 4*x**2 - 15 + 5*x - 14*x. What is the units digit of b(g)?
5
Let t be (1/(-4))/(6/(-24))*0. Suppose t = -p + 90 - 450. What is the hundreds digit of p/(-3) + 3 - 4?
1
Let s(y) = 4*y**2 + 60*y + 23. Let m be s(-15). Suppose -117 = -m*d + 10*d. What is the units digit of d?
9
What is the thousands digit of (11*4427*(247 + -248))/(2/(-2))?
8
Let d(v) = v**3 + 46*v**2 + 264*v + 146. What is the tens digit of d(-26)?
0
Suppose 262692 = 69*j - 433104. What is th